sor of 5677 and 7?
7
What is the greatest common divisor of 114 and 52554?
114
What is the greatest common factor of 434 and 98?
14
What is the greatest common factor of 17 and 2329?
17
What is the highest common divisor of 140 and 168?
28
What is the greatest common divisor of 1517 and 82?
41
Calculate the highest common divisor of 54 and 81.
27
Calculate the greatest common factor of 602 and 14.
14
What is the highest common divisor of 18 and 18?
18
What is the highest common divisor of 1040 and 416?
208
What is the highest common divisor of 12732 and 6?
6
Calculate the highest common divisor of 30 and 110.
10
Calculate the highest common factor of 40 and 64360.
40
Calculate the highest common divisor of 34 and 9418.
34
What is the highest common factor of 80 and 1424?
16
What is the greatest common factor of 402 and 24254?
134
Calculate the greatest common factor of 50 and 2.
2
What is the highest common factor of 182 and 12?
2
What is the greatest common factor of 6 and 3819?
3
What is the highest common factor of 195 and 195?
195
Calculate the highest common factor of 14527 and 199.
199
What is the highest common factor of 1050 and 140?
70
What is the greatest common divisor of 288 and 3360?
96
What is the greatest common divisor of 33363 and 33?
33
Calculate the highest common factor of 1045 and 110.
55
What is the greatest common factor of 690 and 60?
30
What is the highest common divisor of 1128 and 24?
24
Calculate the highest common divisor of 2323 and 23.
23
Calculate the greatest common divisor of 1661 and 604.
151
Calculate the greatest common divisor of 405 and 243.
81
What is the highest common divisor of 6680 and 160?
40
Calculate the highest common divisor of 1309 and 198.
11
What is the greatest common divisor of 90 and 45?
45
Calculate the greatest common factor of 24726 and 156.
78
What is the highest common factor of 312 and 572?
52
What is the greatest common factor of 935 and 22?
11
What is the greatest common factor of 30 and 570?
30
Calculate the greatest common factor of 58 and 5626.
58
Calculate the highest common divisor of 18 and 459.
9
Calculate the greatest common divisor of 6612 and 29.
29
Calculate the highest common factor of 1876 and 8308.
268
Calculate the greatest common divisor of 25 and 400.
25
What is the greatest common factor of 1330 and 2280?
190
What is the greatest common divisor of 384 and 60?
12
What is the greatest common factor of 20621 and 17?
17
What is the greatest common divisor of 8399 and 37?
37
Calculate the greatest common divisor of 770 and 55.
55
What is the greatest common divisor of 108 and 48?
12
What is the highest common factor of 10 and 165?
5
Calculate the greatest common divisor of 61 and 1159.
61
Calculate the highest common factor of 4564 and 70.
14
What is the highest common factor of 1 and 262?
1
What is the highest common divisor of 10 and 12?
2
Calculate the greatest common factor of 3729 and 24.
3
Calculate the greatest common divisor of 7310 and 86.
86
What is the greatest common factor of 70 and 98?
14
Calculate the greatest common factor of 924 and 168.
84
Calculate the greatest common factor of 70 and 28.
14
What is the highest common factor of 47 and 38352?
47
What is the highest common factor of 48 and 1260?
12
What is the greatest common divisor of 768 and 288?
96
What is the highest common factor of 16 and 144?
16
Calculate the greatest common divisor of 72 and 1864.
8
What is the greatest common divisor of 506 and 32131?
253
Calculate the greatest common divisor of 204 and 84.
12
What is the greatest common factor of 781 and 99?
11
Calculate the highest common factor of 296 and 37592.
296
Calculate the greatest common factor of 20 and 550.
10
Calculate the greatest common divisor of 10 and 3520.
10
What is the greatest common factor of 1840 and 10?
10
What is the highest common divisor of 46 and 230?
46
Calculate the greatest common divisor of 16812 and 288.
36
Calculate the highest common divisor of 236 and 531.
59
What is the highest common divisor of 722 and 304?
38
Calculate the highest common factor of 106 and 1908.
106
Calculate the greatest common factor of 1904 and 1190.
238
What is the highest common divisor of 90 and 920?
10
Calculate the greatest common factor of 4 and 2538.
2
Calculate the greatest common divisor of 1024 and 48.
16
What is the highest common factor of 272 and 5568?
16
What is the highest common divisor of 6594 and 12?
6
Calculate the highest common factor of 461 and 1.
1
What is the greatest common divisor of 1062 and 3776?
118
What is the highest common divisor of 168 and 7168?
56
What is the highest common divisor of 8985 and 15?
15
Calculate the highest common divisor of 130 and 208.
26
What is the highest common factor of 57 and 969?
57
Calculate the highest common factor of 5640 and 360.
120
Calculate the greatest common factor of 294 and 147.
147
What is the highest common factor of 250 and 650?
50
Calculate the highest common factor of 70 and 98.
14
Calculate the highest common divisor of 7350 and 35.
35
What is the highest common factor of 448 and 70?
14
What is the greatest common factor of 1 and 43?
1
What is the highest common factor of 85 and 187?
17
Calculate the highest common factor of 209 and 38.
19
Calculate the greatest common factor of 92 and 1242.
46
Calculate the greatest common divisor of 6298 and 134.
134
What is the highest common divisor of 40 and 120?
40
Calculate the greatest common divisor of 4030 and 62.
62
What is the greatest common factor of 36 and 29763?
9
Calculate the highest common divisor of 290 and 4205.
145
Calculate the greatest common divisor of 87 and 8207.
29
What is the greatest common divisor of 13 and 20?
1
Calculate the greatest common factor of 5 and 245.
5
What is the highest common divisor of 70 and 10?
10
Calculate the greatest common divisor of 20 and 2865.
5
What is the highest common divisor of 17 and 323?
17
Calculate the highest common divisor of 1686 and 18.
6
Calculate the greatest common divisor of 6345 and 135.
135
What is the highest common factor of 238 and 34?
34
What is the greatest common divisor of 32 and 33856?
32
Calculate the greatest common factor of 185 and 35335.
185
What is the greatest common factor of 4009 and 38?
19
What is the greatest common divisor of 12298 and 52?
26
Calculate the highest common factor of 1030 and 270.
10
What is the greatest common divisor of 64 and 1728?
64
Calculate the highest common divisor of 48 and 1024.
16
What is the highest common divisor of 966 and 42?
42
What is the highest common divisor of 322 and 368?
46
What is the highest common factor of 15 and 27960?
15
Calculate the highest common divisor of 40 and 576.
8
Calculate the highest common divisor of 70 and 168.
14
Calculate the greatest common factor of 26035 and 123.
41
What is the highest common factor of 2145 and 325?
65
What is the highest common divisor of 507 and 78?
39
Calculate the greatest common divisor of 1845 and 135.
45
What is the highest common factor of 4630 and 240?
10
Calculate the highest common divisor of 50 and 4750.
50
What is the highest common factor of 6538 and 56?
14
What is the highest common divisor of 207 and 36?
9
What is the highest common divisor of 6771 and 111?
111
What is the greatest common factor of 165 and 297?
33
What is the highest common divisor of 36 and 207?
9
Calculate the greatest common divisor of 810 and 10.
10
What is the highest common divisor of 112 and 252?
28
Calculate the highest common factor of 75 and 3675.
75
Calculate the highest common factor of 14014 and 14.
14
What is the highest common divisor of 629 and 74?
37
What is the greatest common divisor of 2086 and 28?
14
What is the greatest common factor of 24 and 2832?
24
Calculate the highest common factor of 855 and 315.
45
What is the highest common factor of 3799 and 131?
131
What is the greatest common divisor of 16 and 72?
8
What is the greatest common divisor of 24 and 7048?
8
Calculate the highest common factor of 1079 and 52.
13
Calculate the greatest common factor of 80 and 296.
8
What is the greatest common factor of 1243 and 77?
11
Calculate the greatest common factor of 504 and 1449.
63
What is the greatest common divisor of 1180 and 6372?
236
What i